t(f) = 10*f + 24. What is t(-3)?
-6
Let i(t) = 4*t**2 + 28*t + 20. Give i(-6).
-4
Let u(w) = w**3 - 6*w**2 + 6*w - 5. Calculate u(5).
0
Let u(j) = -13*j - 366. Determine u(-29).
11
Let i(y) = y**3 + 13*y**2 + 12*y + 16. Give i(-12).
16
Let q(i) = -i**3 + 25*i**2 + 53*i + 22. Calculate q(27).
-5
Let c(v) = 22*v + 23. What is c(-1)?
1
Let p(u) = -61*u + 367. Calculate p(6).
1
Let h(l) = -7*l - 2. Give h(4).
-30
Let s(b) = b**2 - 36*b - 156. Determine s(40).
4
Let h(y) = y**2 + 4*y - 39. Determine h(-9).
6
Let i(k) = -70*k - 161. What is i(-2)?
-21
Let q(y) = y**3 + 8*y**2 - 10*y - 9. Determine q(-9).
0
Let i(j) = 4*j - 3. Calculate i(-9).
-39
Let b(j) = j**3 - 14*j**2 - 6. Give b(14).
-6
Let c(n) = -n**3 + 2*n**2 + 7*n + 4. Calculate c(5).
-36
Let i(t) = 21*t - 251. What is i(12)?
1
Let c(v) = 5*v - 88. Determine c(7).
-53
Let c(t) = -t**3 - 4*t**2 + 6*t - 6. Determine c(-5).
-11
Let y(g) = -g**2 + 24*g + 21. Calculate y(22).
65
Let w(g) = -50*g - 304. Determine w(-6).
-4
Let o(q) = 2*q**2 + 21*q + 59. What is o(-6)?
5
Let g(k) = -14*k + 57. What is g(4)?
1
Let s(p) = 2*p + 38. What is s(-23)?
-8
Let k(c) = -12*c**3 + c**2. Determine k(1).
-11
Let s(r) = -5*r - 2. Give s(2).
-12
Let m(p) = p**2 - p + 2. Determine m(0).
2
Let t(i) = -2*i**2 + i + 6. What is t(-3)?
-15
Let u(y) = y**3 + 10*y**2 + 18*y + 6. What is u(-8)?
-10
Let v(x) = -8*x - 5. What is v(-1)?
3
Let y(x) = x**2 - 24*x - 146. Determine y(-5).
-1
Let p(l) = 2*l**2 + 20*l - 2. Determine p(-10).
-2
Let b(i) = 2*i**3 - 51*i**2 + 19*i + 138. Determine b(25).
-12
Let y(n) = n**3 + 6*n**2 + 3*n. What is y(-3)?
18
Let c(h) = 4*h**2 + 2*h + 6. What is c(-3)?
36
Let s(x) = 5*x - 19. Give s(16).
61
Let q(l) = -l**2 - 7*l - 12. Calculate q(-4).
0
Let f(m) = m**2 - 12*m + 29. Calculate f(9).
2
Let b(p) = p**2 + 3*p - 13. Determine b(-11).
75
Let p(f) = 3*f**2 - 10*f + 5. Give p(4).
13
Let z(j) = 11*j**2 - 1. Calculate z(-1).
10
Let m(v) = v**2 + 13*v + 5. Determine m(-19).
119
Let u(o) = 32*o - 32. Determine u(-2).
-96
Let j(z) = z**3 - 7*z**2 + 6*z + 7. Determine j(6).
7
Let a(k) = 7*k**2 + k + 3. What is a(-1)?
9
Let x(i) = -11*i - 110. Calculate x(-9).
-11
Let n(h) = h + 13. What is n(-13)?
0
Let o(m) = m + 12. Give o(-7).
5
Let p(x) = 4*x - 14. What is p(4)?
2
Let q(t) = -t**3 - 42*t**2 + 42*t - 38. Give q(-43).
5
Let d(b) = -3*b**3 + 13*b**2 - 2*b + 4. Calculate d(4).
12
Let z(q) = -2*q**3 + 3*q + 1. Determine z(-2).
11
Let s(i) = i**2 + i - 7. Calculate s(-6).
23
Let n(a) = -5*a + 15. Give n(4).
-5
Let j(r) = -r**3 + 23*r**2 - 104*r + 12. Calculate j(6).
0
Let n(f) = 10*f**2 - 9*f + 3. Determine n(2).
25
Let z(b) = -2*b**2 - 16*b - 37. What is z(-5)?
-7
Let l(i) = -2*i - 7. Give l(-6).
5
Let c(w) = w**3 + 14*w**2 - 15*w - 7. Determine c(-15).
-7
Let o(l) = 5*l - 68. Calculate o(27).
67
Let a(k) = 8*k**2 - k + 1. What is a(1)?
8
Let c(k) = -k - 3. What is c(8)?
-11
Let q(g) = 6*g - 16. Give q(5).
14
Let k(g) = g + 1. Determine k(6).
7
Let g(v) = v**2. Give g(2).
4
Let k(u) = u**2 - 7. What is k(7)?
42
Let u(p) = -20*p + 1. Calculate u(-1).
21
Let s(k) = -2*k**2 + 15*k - 3. Calculate s(7).
4
Let c(g) = 3*g + 11. Determine c(-5).
-4
Let g(n) = -n**3 + 34*n**2 + 73*n - 38. What is g(36)?
-2
Let z(s) = -s**3 + 21*s**2 - 38*s - 12. What is z(19)?
-12
Let q(r) = 2*r**2 + 6*r + 6. What is q(-3)?
6
Let t(p) = 2*p**3 - p**2 - p + 3. Calculate t(2).
13
Let t(i) = 2*i**2 + 2*i + 1. What is t(-4)?
25
Let v(f) = -f**2 + 20*f + 7. What is v(5)?
82
Let w(r) = r**3 + 8*r**2 + 10*r + 3. Determine w(-2).
7
Let i(g) = -g**3 + 6*g**2 - 5*g - 5. Calculate i(5).
-5
Let m(n) = -5*n - 2. Give m(2).
-12
Let f(a) = -7*a - 20. Determine f(-7).
29
Let s(m) = 2*m**2 - 38*m - 26. Determine s(20).
14
Let g(l) = 68*l**3 - l**2 + 3*l + 3. Calculate g(-1).
-69
Let a(v) = -v**2 + 3*v - 1. Give a(4).
-5
Let b(l) = -l + 1. Determine b(-5).
6
Let x(b) = -b**2 - 5. What is x(7)?
-54
Let i(v) = -222*v + 224. Calculate i(1).
2
Let a(v) = v**2 + 30*v + 189. Give a(-21).
0
Let r(q) = -2*q + 13. What is r(7)?
-1
Let p(a) = a**2 + 6*a - 17. What is p(-7)?
-10
Let w(j) = 3*j + 41. Give w(-9).
14
Let r(u) = u**3 + 11*u**2 + 24*u + 3. Give r(-7).
31
Let v(g) = g - 24. Give v(4).
-20
Let j(c) = c**3 + 16*c**2 + 27*c - 16. What is j(-14)?
-2
Let x(p) = 3*p**2 - 8*p + 14. Determine x(4).
30
Let x(a) = a**3 + 14*a**2 - 32*a + 4. Determine x(-16).
4
Let p(x) = 22*x + 10. Determine p(-2).
-34
Let j(r) = r**3 + 3*r**2 - 3*r + 3. What is j(-5)?
-32
Let d(g) = 2*g**2 - 6*g + 2. Give d(4).
10
Let x(t) = -t**3 + 9*t**2 - 24*t + 11. Give x(5).
-9
Let f(b) = b**3 + 7*b**2 + 9*b + 7. What is f(-6)?
-11
Let a(o) = -o**2 + 12*o - 2. Determine a(14).
-30
Let x(n) = -8*n**2 + 5*n - 3. What is x(1)?
-6
Let m(v) = 2*v**2 + 14*v + 1. Calculate m(-7).
1
Let i(u) = u**3 + 22*u**2 - 22*u + 42. What is i(-23)?
19
Let j(x) = -21*x + 6. Calculate j(2).
-36
Let s(d) = 20*d**2 + 3*d + 3. What is s(0)?
3
Let g(u) = -113*u**2 + 1018*u - 5. Calculate g(9).
4
Let u(w) = -w**2 + 18*w - 5. Determine u(18).
-5
Let s(l) = l**2 + 3*l - 9. Calculate s(-7).
19
Let r(y) = 2*y**3 + 15*y**2 + 12*y + 30. Determine r(-7).
-5
Let j(l) = -3*l + 100. Give j(31).
7
Let i(x) = -14*x + 3. Determine i(-1).
17
Let g(c) = -2*c - 31. Give g(-14).
-3
Let c(s) = 98*s + 286. What is c(-3)?
-8
Let h(d) = -d**2 + 3*d - 2. Give h(5).
-12
Let s(j) = -j**2 + 9*j - 6. What is s(6)?
12
Let k(v) = -4*v - 7. Determine k(5).
-27
Let m(z) = z**3 + 11*z**2 + z - 11. What is m(-11)?
-22
Let d(b) = b - 2. Calculate d(-6).
-8
Let q(n) = 34*n + 1. Calculate q(-1).
-33
Let m(s) = 2*s**2 - 2*s - 10. Determine m(5).
30
Let h(r) = -r**3 - 6*r**2 + 5*r - 12. Give h(-7).
2
Let g(c) = -c**2 + c + 4. Calculate g(-2).
-2
Let d(p) = p**3 + 16*p**2 + 13*p - 10. Give d(-15).
20
Let o(q) = -13*q - 52. What is o(-4)?
0
Let m(p) = 2*p**2 - 6*p - 17. Determine m(-4).
39
Let s(x) = -9*x - 49. Determine s(-6).
5
Let o(w) = 6*w - 7. Calculate o(2).
5
Let t(w) = -13*w - 63. What is t(-5)?
2
Let w(b) = -130*b + 644. Calculate w(5).
-6
Let m(u) = u**2 - 20*u + 25. Calculate m(8).
-71
Let y(j) = 3*j + 65. Give y(-22).
-1
Let y(i) = 2*i + 35. Calculate y(-17).
1
Let k(j) = -3*j - 2. What is k(1)?
-5
Let s(b) = -b**2 + 6*b + 11. Give s(6).
11
Let u(t) = t**3 - 36*t**2 + 4*t - 145. Give u(36).
-1
Let f(c) = -c**3 + 13*c**2 + 32*c - 23. Determine f(15).
7
Let v(x) = -x**3 + 4*x**2 - 2*x + 13. What is v(4)?
5
Let d(v) = -v**2 - 4*v + 1. What is d(-3)?
4
Let b(r) = r**3 + 12*r**2 + 9*r - 13. Give b(-10).
97
Let b(q) = -q**3 - 8*q**2 - 4*q - 1. Determine b(-7).
-22
Let d(n) = 2*n - 15. Determine d(3).
-9
Let a(k) = 3*k**2 - 83*k - 208. Give a(30).
2
Let z(g) = -g**3 - 8*g**2 + 6*g - 8. What is z(-8)?
-56
Let v(r) = -11*r + 260. Calculate v(21).
29
Let t(q) = q**2 - 4*q + 3. Give t(3).
0
Let a(i) = -i**3 - 3*i**2 + 10*i + 5. Give a(-5).
5
Let s(i) = 2*i + 53. What is s(-23)?
7
Let n(g) = 3*g**3 + 17*g**2 - 5*g - 8. Determine n(-6).
-14
Let d(r) = -5*r**2 + 10*r - 22. What is d(4)?
-62
Let a(y) = 9*y**3 - y**2 + 2*y + 2. What is a(-2)?
-78
Let o(l) = -3*l - 4. Give o(-6).
14
Let i(w) = 4*w**2 + 6*w + 4. Give i(-1).
2
Let l(c) = c**2 + 15*c - 5. What is l(-16)?
11
Let h(a) = a**2 + 39*a + 136. Determine h(-35).
-4
Let b(c) = -17*c + 3. Calculate b(3).
-48
Let a(u) = u**3 + 6*u**2 + 6*u + 28. Give a(-6).
-8
Let n(v) = v**3 - 6*v**2 - 11*v + 1. Give n(7).
-27
Let l(g) = g**2 - 2. Determine l(8).
62
Let z(l) = -9*l - 18. Give z(-5).
27
Let d(r) = 4*r**2 - 11. Give d(-2).
5
Let f(i) = i**3 - 12*i**2 + 4*i - 39. Calculate f(12).
9
Let y(x) = -2*x**2 + 10*x - 4. Determine y(2).
8
Let x(a) = -a - 1. Calculate x(-2).
1
Let f(w) = -w**2 - 45*w + 485. Determine f(-54).
-1
Let z(u) = -6*u - 141. What is z(-18)?
-33
Let p(d) = 16*d + 9. Determine p(-6).
-87
Let y(v) = v**2 + 5*v - 18. Determine y(0).
-18
Let f(n) = -n + 5. What is f(11)?
-6
Let w(f) = -f**2 + 10*f - 16. Give w(7).
5
Let z(y) = y**3 + 16*y**2 - 35*y + 19. Calculate z(-18).
1
Let q(v) = -9*v - 4. Determine q(-3).
23
Let a(s) = s**3 - 2*s**2 + s - 1. Determine a(3).
11
Let l(b) = 31*b - 333. What is l(10)?
-23
Let u(t) = -8*t - 24. Calculate u(-7).
32
Let u(y) = 6*y - 34. Calculate u(6).
2
Let p(z) = -z**2. Give p(5).
-25
Let n(s) = 2*s**2 - 3*s + 3. Calculate n(2).
5
Let o(w) = 21*w 